Suppose -3*y - 12*t + 27 = -8*t, -2*t - 36 = -4*y. Suppose -a + 2 = -3*v - 22, a = 4*v + 27. Calculate the greatest common factor of a and y.
3
Suppose 27*t = 43 + 11. Let f be (t + (-111)/(-12))/((-2)/(-8)). What is the highest common divisor of f and 15?
15
Suppose -m + 0*m = w - 27, -2*w - 6 = 0. Let b = 93 - 89. Suppose 50 = 5*p + 3*q + 2*q, -q = b*p - 46. What is the highest common factor of m and p?
6
Let k = 51 + 1. Suppose 0 = 2*d - d - k. Let m = d - 30. Calculate the greatest common divisor of 66 and m.
22
Let z(k) = 20*k + 220 + 19*k - 22*k - 32. Let f be z(-11). What is the greatest common divisor of 64 and f?
1
Let b(k) = 18*k**2 + 247*k + 11. Let r be b(-14). What is the highest common divisor of 21 and r?
3
Let i(u) = 882*u + 20711. Let w be i(-23). Suppose 4*s = 5*a + 115, -5*s - 3*a + 66 = -2*s. Calculate the greatest common divisor of w and s.
25
Let t(m) = 8*m**2 + 2*m**2 - m**3 + 2*m - 149 + 141. Suppose 2*k + 3*k - 50 = 0. Let c be t(k). Calculate the greatest common divisor of 6 and c.
6
Suppose 3*w - 2308 = 3*b + 3455, b = 3*w - 5771. What is the highest common factor of w and 4025?
175
Let i be ((-9)/(-2) - 4)*-4. Let j be (1 + 14)*i/(-5). Suppose j = 2*m - 34. Calculate the greatest common divisor of 4 and m.
4
Let o = -84 + 92. Let h be (-4)/(-40)*5 + 140/o. What is the greatest common divisor of h and 351?
9
Let x = -521 - -577. Calculate the highest common divisor of 994 and x.
14
Let c = -404 - -402. Let n be (c - -2) + 81*(1 - 0). What is the highest common divisor of 27 and n?
27
Suppose 193*j - 187*j = 13854. Suppose 683 + j = 34*t. Calculate the highest common divisor of 11 and t.
11
Let t(q) = -115*q + 797. Let h be t(6). What is the greatest common divisor of h and 4?
1
Let i(b) = -8*b**3 - 7*b - 22. Let q be i(-2). Suppose -2*l + 9 = l, -3*l + 65 = c. What is the highest common divisor of c and q?
56
Let r(c) = 144*c**3 + c**2 - 8*c + 7. Let k(p) = -7*p + 99. Let h be k(14). Let u be r(h). Calculate the highest common divisor of u and 9.
9
Suppose -z + 5*z = 100. Suppose -71 - z = -4*i. Suppose 5*c - i - 6 = 0. Calculate the greatest common divisor of 6 and c.
6
Let o = 13 - -2. Let p be 3/(-15) + 3/o. Suppose 2*t - 5 - 27 = p. Calculate the highest common divisor of t and 40.
8
Let k be -1 - 526/(-18) - (-10)/(-45). Calculate the highest common factor of 4228 and k.
28
Let m(w) = w**2 - 7*w + 10. Let f be m(8). Let n(u) = -u**3 + 9*u**2 + 4*u - 13. Let r be n(9). Let z = r - f. What is the greatest common divisor of z and 40?
5
Let l = 2274 - 1394. Calculate the highest common divisor of 550 and l.
110
Let o be 1/(16098/12060 + (-4)/3). What is the highest common divisor of 80 and o?
10
Suppose 5*b = -2*g - 34, -5*b - 4*g - 32 + 4 = 0. Let s be 2/b - (25/(-4))/1. Let o be -1 + 548/s + (-16)/48. What is the highest common divisor of o and 20?
10
Suppose -a - 7*w = -4*w + 15, -w = -5*a + 5. Suppose 0 = 5*k - a. Suppose k = 5*j - 4*j + 5, 4*y - 5*j = 81. Calculate the highest common divisor of 56 and y.
14
Suppose -9*p = -2*p - 686. Let b = 1796 + -1740. Calculate the greatest common divisor of b and p.
14
Let v be 6/3 + -3 - -9. Suppose 0 = -z, -5*a + 3*z - 6*z = -200. Let k be ((-64)/(-5))/(16/a). Calculate the greatest common factor of k and v.
8
Let w(g) = 2*g**2 + 12*g + 3. Let s = -20 + 14. Let o be w(s). Suppose 0 = f + o*f + 12, 0 = -3*u + 4*f + 72. What is the greatest common divisor of u and 100?
20
Let j = -194 + 860. Let o = 963 - j. What is the highest common divisor of 11 and o?
11
Let a be (-620)/(-12) + 1/3. Let m(x) = 8*x - 3*x**3 + 16*x + 5*x**3 + 143 + 57*x**2 - 190. Let f be m(-28). Calculate the highest common divisor of f and a.
13
Let i be (-13)/78 - (-2 + 22189/(-6)). Suppose 18*v = 80 + i. What is the greatest common divisor of v and 15?
15
Suppose 84 = 2*z - 260. Suppose -5*i - z = -302. What is the greatest common divisor of 13 and i?
13
Suppose -2470 = -87*g + 77*g. Let v(c) = c**2 + 11*c + 13. Let y be v(-13). What is the highest common factor of y and g?
13
Let d be (-45)/6*112/(-35). Let x = 926 - 902. What is the highest common factor of d and x?
24
Suppose -6*z = -37*z + 14260. Let x = -451 + z. Suppose 2*u = 3*u - 3. What is the greatest common factor of x and u?
3
Let i be ((-1054)/(-51) + -19)*12. Calculate the greatest common divisor of 9470 and i.
10
Let c(s) = s**3 + 3*s**2 - 13*s + 110. Let o be c(-6). Calculate the greatest common divisor of 115 and o.
5
Suppose 29*p - 588 = 32*p. Let x = p - -208. Let l(f) = f**2 - 8*f - 7. Let i be l(9). Calculate the highest common factor of i and x.
2
Suppose g - 3 = c - 4*c, -3*g = -3*c - 21. Let x(b) = b**2 - b - 9. Let f be x(g). Suppose 5*n = -f + 121. Calculate the greatest common divisor of n and 180.
20
Let i = -279 + 495. Suppose -2*c + 744 = -i. Let o = -336 + c. Calculate the greatest common divisor of o and 16.
16
Let t = -12 - 79. Let i = t - -95. Calculate the greatest common divisor of 32 and i.
4
Let n = -113 - -120. Suppose -3*k - 815 = -n*k + 3*h, -k + 2*h + 210 = 0. Suppose -4*y - k = -9*y. What is the highest common divisor of y and 200?
40
Suppose -11*v + 11640750 = 63*v + 92*v. What is the greatest common factor of 55 and v?
55
Let d be (-462)/(-539)*(70/(-25))/((-8)/290). Calculate the greatest common divisor of 5829 and d.
87
Suppose 5*l - 238 - 147 = -4*g, 3*l - 3*g = 231. Suppose 19*v - 740 = l. Calculate the greatest common factor of 172 and v.
43
Suppose 3*o + 3*i - 867 = 0, 5*o + 20 = 5*i + 1535. Calculate the highest common factor of 3774 and o.
74
Let l = -416 + 852. Let j = l - 425. Let b be (33/(-9))/(2/(-6)). What is the highest common factor of b and j?
11
Let u(b) = -b**3 + 12*b**2 - 2*b + 29. Let g be u(12). Let f be (-694)/(-14) - (g - 114/21). Let z = 30 - 5. What is the highest common factor of f and z?
25
Suppose -2508*w + 2514*w = 5712. What is the greatest common divisor of w and 56?
56
Let q = -15 - -24. Let x(h) = -3*h + 54. Let k be x(22). Let j be (12 - 3/1) + k/4. Calculate the highest common factor of j and q.
3
Let f = 1831 + -1761. Calculate the greatest common divisor of 8 and f.
2
Suppose a - 2*c - 79 + 24 = 0, -c = 5*a - 253. Calculate the greatest common divisor of a and 323.
17
Let y = -17 - 386. Let f be y/(-8) + 168/(-448). Calculate the greatest common divisor of 275 and f.
25
Let a = -20370 + 20389. What is the greatest common factor of 16777 and a?
19
Let w be 12/(32/8) - 108/(-3). Suppose -2*f = w - 119. What is the greatest common divisor of f and 60?
20
Let b be ((-3)/2)/(-3)*0. Suppose b*z + 105 = 3*z. Let y = 284160 - 284125. What is the highest common factor of z and y?
35
Let q(d) = 3*d**2 + 0*d**2 + 7*d - 2*d**2 + 38 - d. Let i be q(-8). Calculate the greatest common divisor of i and 12.
6
Suppose -3*k + 0*k = -30 - 51. Calculate the greatest common divisor of k and 72.
9
Let a = -7621 + 7709. Calculate the greatest common factor of a and 1661.
11
Let t = -24 - -48. Suppose -t*n + 2800 = -19*n. Calculate the highest common divisor of n and 160.
80
Suppose -3*r + 1152 = -t, -r + 2*t = 2209 - 2588. Calculate the greatest common divisor of r and 497.
7
Suppose -767*z + 17902 + 4403 + 3006 = 0. Suppose c - 1155 = -4*c. What is the highest common divisor of z and c?
33
Let x(j) = j**3 - 47*j**2 - 44*j - 150. Let n be x(48). Let u(y) = 6*y**2 - 4*y - 9. Let b be u(-6). What is the highest common divisor of b and n?
21
Suppose i - 2*r - 14 = 0, -3*r = -2*i - 8*r - 17. Suppose -44 + 108 = i*w. Suppose -10 = -4*n - 2. Calculate the greatest common divisor of n and w.
2
Suppose -2*i - i + 33 = 0. Let u be (4/(-2) + 3)/(1/i). Suppose 0 = 2*q - u - 3. Calculate the greatest common divisor of 7 and q.
7
Suppose 6 - 17 = 4*h + 3*z, -4*z = 2*h + 8. Let j be (-3 - h - 3) + (-20)/(-2). What is the highest common divisor of 3 and j?
3
Let a(m) = -m**3 - 4*m**2 + 6*m - 9. Let b be a(-7). Suppose 116 = 18*s + 8. What is the greatest common factor of b and s?
6
Let k(u) = -18 + 6*u**2 + 14 + 6*u + 8. Let d be k(3). Calculate the highest common divisor of 19 and d.
19
Let c = 865 - 853. Suppose -4*i - 12 = 0, -4*i = -11*u + c*u - 18. Calculate the highest common factor of 60 and u.
30
Let a be (15/4)/((-3)/24*-2). Suppose a = 5*y - 5. Suppose 3*c = y*c - 4. Calculate the highest com